l be n(1). Let m(q) = -q**2 - 13*q - 11. List the prime factors of m(l).
5
Suppose 0 = 39*y - 36*y - 9. Suppose -3*l + 5*w + 280 = 0, y*l - 62 = -2*w + 204. What are the prime factors of l?
2, 3, 5
What are the prime factors of (-5 + 7)/((-1)/(-680))?
2, 5, 17
Let h = -74 - -106. Suppose -4*i - h = -4*o, -3*i + 3 = -2*o + 17. List the prime factors of o.
2, 5
Suppose 2*t - 3*y - 1035 = -2*y, 0 = 3*t + 4*y - 1569. What are the prime factors of t?
3, 173
Let u = 59 + -57. Suppose -4*j - u*j + 810 = 0. List the prime factors of j.
3, 5
Let v be 6/(-51) - 276/(-34). Suppose 4*g = v*g - 12. Suppose u + 4*u + g*t - 210 = 0, t + 42 = u. What are the prime factors of u?
2, 3, 7
Suppose 3*s + 1 = -3*l - 8, 2*l = s - 6. Let x(o) = 6*o**3 - 22*o**2 - 9*o + 18. Let r be x(4). Suppose k - 5*p = r, -3*p + 6 = -s. List the prime factors of k.
2, 3
Suppose -3*k = -3*b + 3, -4*b + 9 = 3*k - 2*k. Suppose 0 = b*f - 324 + 114. Suppose 6*j - j = f. What are the prime factors of j?
3, 7
Let t = -143 + 28. Let b = t + 197. List the prime factors of b.
2, 41
Let u be (-56)/(-6) + 1/(-3). Suppose -3*q - l = 38, q + 2*l + u = -2*l. Let t = 32 + q. What are the prime factors of t?
19
Suppose 3*f - q = 1829, -f - 7*q + 2*q = -599. What are the prime factors of f?
3, 7, 29
Let z(a) = 2*a + 5. Let n be z(0). Suppose 2*k - n = -3*k. What are the prime factors of -4 - (-2 + k)*47?
43
Let o = -69 + 14. Let v = o + 58. What are the prime factors of v?
3
Suppose 4421 = 10*f - 7*f - z, 2*f - 3*z = 2952. List the prime factors of f.
3, 491
Suppose 3*r - 4399 = -913. Suppose -a = -4*a + 9, -5*p = a + r. What are the prime factors of (-9)/15 - p/5?
2, 23
Suppose 0 = -2*x - 3*x + 135. List the prime factors of x.
3
Let g be (-4)/2*(-2802)/12. Suppose 3*m + 5*d + g = 5*m, 0 = 5*m - 4*d - 1193. What are the prime factors of m?
241
Let t(d) = -d**3 + 6*d**2 + 5*d + 14. Let u(q) = -q**3 - q**2 + 3*q + 2. Let c be u(-2). Suppose 4*v - 24 = -c*v. What are the prime factors of t(v)?
2, 11
Let m be ((-239)/2)/((7/2)/7). Let h = -149 - m. List the prime factors of h.
2, 3, 5
Let c = 516 - -1585. What are the prime factors of c?
11, 191
Let y(s) = 3*s**2 - 6*s - 8. Let b be y(4). Suppose -4*o + b - 4 = 0. What are the prime factors of 1/(o*4/660)?
5, 11
Suppose y + b = -4, -4*b + 19 = -4*y - 5. Let c(v) = 5*v**2 - 6*v + 7. Let h be c(y). Suppose 14 = -4*w + h. What are the prime factors of w?
37
Let y = 331 - -445. What are the prime factors of y?
2, 97
List the prime factors of (-22190)/(-56) + 5/(60/9).
397
Let i = -34 + 58. Let n be ((-7)/2)/(4/i). What are the prime factors of (-561)/n - (-2)/7?
3
Let v(u) = 3*u**2 + 3*u - 122. What are the prime factors of v(21)?
2, 79
List the prime factors of (6/(-4))/(93/(-320850)).
3, 5, 23
Let u(r) = -r**3 + 11*r**2 - 9*r - 11. Suppose 5 = c - 5. Let x be u(c). What are the prime factors of -3 + 29 - (0 + x)?
3
Let y(z) = 11*z**2 - 12*z - 104. List the prime factors of y(-5).
3, 7, 11
Suppose 0*g + 450 = 10*g. Let w = -1 + 6. Suppose 3*a + 3*t = t + 50, -g = -a + w*t. What are the prime factors of a?
2, 5
Suppose 0 = -5*o - 4*y - 20, -1 - 19 = o + 4*y. Let i(p) = p**2 + 59. List the prime factors of i(o).
59
Let z(j) = -6*j**2 + 353*j**3 - 4*j - 5*j - 5 - 359*j**3 + 0. List the prime factors of z(-3).
2, 5, 13
Suppose v - 9 + 6 = 0. Suppose -420 = v*m - 7*m + p, -5*m = 3*p - 508. What are the prime factors of m?
2, 13
Let v be 85 - (100/4)/5. Let n(p) = 14*p - 1. Let m be n(-4). Let d = m + v. List the prime factors of d.
23
What are the prime factors of 0 + 5/(20/206)*2?
103
Let b = -9 - 11. List the prime factors of 24 + (-3)/(15/b).
2, 7
Let c = 1 - -1. Suppose 202 = c*k - 202. What are the prime factors of k?
2, 101
Suppose -15*m + 14 + 1 = 0. Let d(i) = i - 3. Let n be d(-4). What are the prime factors of (5 + -3)*(m - n)?
2
Let t be 52/((-12)/3)*-1. Let m(d) = d**3 - 13*d**2 + 9*d + 28. Let y be m(t). Suppose -5*l = -y + 25. List the prime factors of l.
2, 3
Let w(s) = -242*s - 13. Let l be w(-4). Suppose 13*n - 8*n = l. List the prime factors of n.
191
Suppose -37*t = -29*t - 8184. List the prime factors of t.
3, 11, 31
Let a = 102 - 100. Suppose 0 = 3*i + 12, 5*q + 3*i - a*i = 271. What are the prime factors of q?
5, 11
List the prime factors of ((-33)/99)/(2/(-1686)).
281
Let j be (15/(-6))/(1/(-2)). Let c = -5 - j. Let k = 16 + c. List the prime factors of k.
2, 3
Let f(b) = -b**3 + 6*b**2 - 5*b + 3. Let a be (-9)/18 + (-14)/(-4). List the prime factors of f(a).
3, 5
Let t(b) be the second derivative of b**6/720 + b**5/5 - b**4/2 - 4*b. Let i(a) be the third derivative of t(a). What are the prime factors of i(-8)?
2
Let f(g) = -g**3 + g**2 + 2*g + 6. Let h be f(-4). Let o = 154 - h. What are the prime factors of o?
2, 19
Let h be 115/(-4) + -1 - (-1)/(-4). Let s = 214 - h. What are the prime factors of s?
2, 61
List the prime factors of 2/(-4)*-242 - 7.
2, 3, 19
Let n(s) = s - 4. Let p be n(11). Suppose 5*z - 13 = p. What are the prime factors of z?
2
Let t(g) = 380*g - 15. Let r(o) = 95*o - 4. Let i(a) = -15*r(a) + 4*t(a). List the prime factors of i(3).
3, 5, 19
Let y = -48 + 144. What are the prime factors of -2*((-496)/y + 1/6)?
2, 5
What are the prime factors of (-17798)/(-4) + 17/(-34)?
3, 1483
Let v be (-17 - (-15)/5)/((-1)/10). Let d = v - 74. List the prime factors of d.
2, 3, 11
Suppose -10 = -5*h + 5. Let o(q) = 10*q**2 + 328*q - 338*q + q**h - 3 - 2*q**3. List the prime factors of o(5).
2, 3
Suppose 0 = 5*q + 3*w - 185, 4*q - 165 = -0*w + w. Let j = 28 + q. What are the prime factors of j?
2, 17
Let i(t) = -t**2 + 10*t - 15. Let c be i(6). Suppose k + q = 3*k - 49, 0 = 4*k + 2*q - 86. Let r = k - c. What are the prime factors of r?
2, 7
Let t = 20 + -17. Let l be -1 + 1 + t - 3. Suppose -3*i - b + 4*b + 6 = l, 0 = -3*b. List the prime factors of i.
2
Let j be ((-6)/(-4))/((-3)/8)*-50. Suppose -2*z = 12 - j. List the prime factors of z.
2, 47
Suppose 0 = -3*i - 5*m + 22, 4*i = 3*m + m + 8. Suppose -22 = -y + i. List the prime factors of y.
2, 13
Let o = 40 + -42. What are the prime factors of ((-6)/o)/((-2)/(-18))?
3
Let k(d) = 21*d + 14*d + 21*d - 55*d + 7. What are the prime factors of k(-3)?
2
Suppose 3366 = 11*u - 2*u. What are the prime factors of u?
2, 11, 17
Suppose -2*z + 2*d + d = 21, 3*d = -2*z + 9. Let h(f) = -16*f - 5. What are the prime factors of h(z)?
43
Let y be 4*-6*(-24)/48. List the prime factors of (-6)/((-18)/y*1).
2
Let v = -6 + 11. Suppose 4*l + 4*d = 20, 4*l = v*l + 2*d - 6. List the prime factors of ((-66)/l)/(2/(-4)).
3, 11
Let v(o) = o**3 - 14*o**2 - 65*o + 64. List the prime factors of v(18).
2, 5, 19
Suppose -4*i - 16*i = -8260. What are the prime factors of i?
7, 59
Let d(x) = 13*x**2 + 11 + x**3 - 2 + 16*x + 3*x**2 - 2*x**2. Let m be d(-11). Suppose -2*p + q = 18 - 111, 4*p - 4*q - m = 0. What are the prime factors of p?
2, 11
Let q = -7 + 28. Suppose 17*g - q*g + 96 = 0. What are the prime factors of g?
2, 3
Suppose -4 = -h + g, 5*g - 4*g = -5*h + 26. Let x(y) = -3*y**2 + 7 - h + 0 + 3*y**3 + y. What are the prime factors of x(2)?
2
Suppose 0 = -12*j + 1144 + 956. List the prime factors of j.
5, 7
Suppose -3*k + g - 2*g + 74 = 0, -4*g - 16 = 0. Suppose k = 6*d - 934. List the prime factors of d.
2, 5
Suppose 5*q - 6917 = 4*s, -4*q - 3*s = -5934 + 419. What are the prime factors of q?
1381
Suppose -8*t + t = 126. List the prime factors of (2688/t)/7*-3.
2
Let m(t) = 5*t - 2. Let h(j) = -4*j + 1. Let c(f) = 4*h(f) + 3*m(f). Let b be c(-8). Suppose 2*k - 3*x = k + 14, k - 5*x = b. What are the prime factors of k?
2, 13
Suppose 0 = 4*x - 0*h - 3*h - 44, 4*x + 2*h - 24 = 0. Suppose -3*c = -2*y - 19, 4*c + x + 12 = -3*y. Let k = 17 + y. What are the prime factors of k?
3
Let h(f) = f**2 + 10*f - 1. Let d be (-9)/(-6*3/120). Suppose -8*y + 3*y = d. What are the prime factors of h(y)?
23
Suppose 2*t = t - 23. Let l = 34 + t. What are the prime factors of l?
11
Let d(k) = -k**2 - 15*k + 11. Let n be 4/(-6) - 40/3. List the prime factors of d(n).
5
Let x = 0 - -2. Suppose 5*j = -0*k + x*k - 22, -5*j - 5*k - 50 = 0. Let n = 14 + j. List the prime factors of n.
2
What are the prime factors of (10 - 6) + 1092 - -8?
2, 3, 23
Let r(w) = w**3 + 7*w**2 - 4*w - 13. Let g be r(-6). Suppose -8*m + g + 777 = 0. L